+ 143 = 5*u + 157, g - 38 = u. What is the greatest common divisor of 1925 and g?
11
Suppose 4*l - 4*w = 0, 5 = -4*l - 2*w + 7*w. Let q(o) = 9*o + 414. Let a be q(-31). Calculate the greatest common factor of a and l.
5
Suppose 4*s = -s + 800. Let o = 150 + -19. Suppose -3*i + 61 + o = 0. What is the highest common divisor of i and s?
32
Let t(p) = -3*p**2 - 244*p + 812. Let g be t(-51). What is the highest common factor of g and 665?
133
Let r = 678 + -1108. Let c = r - -440. What is the greatest common factor of c and 35?
5
Let r(j) = 5*j**2 + 9*j + 46. Let k be r(-2). What is the highest common factor of 420 and k?
12
Suppose -j - 4*z = z - 79, 0 = -4*z + 20. Suppose -k + 1550 = -32*k. Let y be 10/(-4)*(-6 + 60/k). Calculate the highest common factor of j and y.
18
Suppose -6885*i - 544 = -6902*i. What is the greatest common divisor of i and 5?
1
Let m(a) = 185*a - 1041. Let p be m(16). What is the highest common divisor of 19 and p?
19
Let w = -25741 + 27457. Calculate the highest common factor of w and 312.
156
Suppose -19 + 104 = 17*l. Suppose -2*f + 5*q + 707 = 0, -4*q - 702 = -l*f + 3*f. Calculate the highest common factor of f and 11.
11
Suppose 87*x + 61*x = 820512. Calculate the greatest common factor of 378 and x.
126
Let u be (((-8 - -4) + -1806)*1/2)/(-1). Calculate the highest common factor of u and 5.
5
Suppose 2*m = -3*p + 1 + 22, 4*p - 16 = m. Suppose -s = l, -p*s + 2*l = 2 - 9. Let x = s - -11. What is the highest common divisor of 96 and x?
12
Let y(j) = -4*j + 2. Let h be y(-2). Suppose 54 - h = r. What is the greatest common factor of r and 11?
11
Let y be 274 + (1/(-2))/(3/(-18)). Let q = 282 - y. Calculate the greatest common divisor of 45 and q.
5
Let d = 6569 - 6553. Calculate the greatest common factor of d and 8984.
8
Suppose 2 = -61*f + 62*f. Suppose f*a = -2*h + 2, 0 = 10*a - 5*a + 3*h - 9. What is the greatest common divisor of a and 48?
3
Suppose -6*k = -21*k + 182 + 1303. Calculate the highest common factor of k and 44.
11
Let j be (8/10)/(52/39) + (-2244)/(-10). Let n be (-2)/(-6) - (-78)/9. What is the highest common factor of j and n?
9
Suppose 2*i - 3*a + 0*a - 243 = 0, -2*i - a + 231 = 0. What is the highest common divisor of 99 and i?
9
Suppose -1308 = -21*r - 88*r. Suppose -5*k + 0*k + 35 = 0. Suppose 6*h + k = 43. What is the greatest common divisor of h and r?
6
Let x(d) = 3*d - 18. Let v be x(7). Let i be (-1 - (-72)/40)/(v/90). Suppose 3*k - 75 = -5*c, -k + 8 = c - 9. Calculate the highest common factor of c and i.
12
Let y be ((-152)/(-6))/(29/9 + -3). Suppose y*b = 115*b - 40. What is the highest common factor of b and 90?
10
Suppose -b + 4*p = 0, 0 = -b + 5*b + 3*p - 19. Let o be (-3255)/(-55) - b/22 - -1. What is the greatest common divisor of o and 540?
60
Let v(k) = -43*k**2 + 87*k**2 - k - 43*k**2 - 12. Let w be v(-3). Suppose -4*r + 12 = w, b + 2*r - 48 = -0*r. Calculate the greatest common divisor of 6 and b.
6
Let k = -910 + 1967. What is the highest common divisor of k and 1510?
151
Let k(s) = -s + 17. Let o be k(21). Let h be (2/o)/((-46)/276). What is the greatest common divisor of h and 15?
3
Let r = 47 + 25. Suppose -5*x + 194 = 3*f, 5*x - x + 2*f = 156. Calculate the greatest common divisor of x and r.
8
Let x be (168/(-5))/((1*3)/(-24 + 9)). Calculate the highest common divisor of x and 5768.
56
Let c = 22669 + -22479. Calculate the greatest common factor of 560 and c.
10
Let c = -76 + -1. Let u be (-8)/(-14) + (8030/c)/(-10). Calculate the greatest common factor of u and 66.
11
Let i = -79 + 148. Let u(k) = 335*k - 571. Let b be u(5). What is the highest common divisor of i and b?
69
Suppose -988 = -3*i - 5*m, -4*i + 6*i + 5*m = 652. Let l = -312 + i. What is the highest common divisor of l and 156?
12
Let c be (14 - (-767)/(-13))/(-1 - 0). Calculate the greatest common divisor of c and 2565.
45
Suppose 62097*p = 62113*p - 223440. What is the greatest common divisor of p and 1140?
285
Let x be 2 + (1/(-3))/((-9)/405). Suppose -6*o - 5 = -x. What is the greatest common factor of 9 and o?
1
Let j = -17520 - -22626. What is the greatest common factor of j and 259?
37
Let o = 87 + -54. Suppose -2*y - 38 = -l, -62*y + 58*y = 2*l - 12. Calculate the highest common divisor of o and l.
11
Let o be (79 - -1)/(((-20)/(-15))/4). Suppose -3*r = 2*r - o. What is the highest common divisor of r and 24?
24
Let f(m) = m**2 + 41*m - 176. Let l be f(4). Suppose 356 = l*w - 0*w + 3*o, 2*w - 196 = 3*o. Calculate the highest common divisor of 115 and w.
23
Suppose -5*w = 3*b + 2, 2*w + 30 = 7*w - 5*b. Let x be 5/(-15)*12 - -31*w. What is the greatest common divisor of x and 261?
29
Let c = 846 - 879. Let y = -70 + 121. Let o = c + y. What is the highest common factor of o and 18?
18
Suppose 125697 + 22668 = 178*p - 305535. Calculate the highest common divisor of 1050 and p.
150
Suppose 45 - 116 = -f - 3*k, -271 = -4*f + k. Let u = f - 58. Suppose 4*x = 3*b - 19, b - 4*x - 1 - 16 = 0. What is the greatest common divisor of b and u?
1
Let p(l) be the second derivative of 23/12*l**4 + 7/6*l**3 - 22*l + 0 + l**2. Let c be p(-2). What is the greatest common factor of 10 and c?
10
Suppose -5*w + 119 = 4*t - 592, 3*w + 540 = 3*t. Let z be 5/15 - (-3)/9*t. Calculate the highest common factor of 24 and z.
12
Let o be (10/(-25) - 0)/(2*(-1)/55). What is the highest common divisor of 869 and o?
11
Let h be (-9976)/602*1/(-2)*14. Calculate the greatest common factor of 116 and h.
116
Let f be -3 + 25 + (6 - 7) - -369. Let g(y) = y**2 - 5. Let o be g(5). Calculate the highest common factor of f and o.
10
Let d = 5033 - 2742. Calculate the greatest common factor of d and 553.
79
Suppose 136584 = -419*o + 503*o. Calculate the greatest common divisor of o and 18.
6
Let a = -115 + -2160. Let q be a/(-7) + 3/(-3). What is the greatest common factor of q and 81?
81
Let i(t) = -2*t**2 + 181*t - 1566. Let n be i(74). Calculate the greatest common divisor of n and 1533.
219
Let w be (1485/54)/((3/10)/3). Calculate the highest common factor of w and 475.
25
Let h be (7/14)/((-7)/(-28)) - -1. What is the greatest common factor of h and 128?
1
Let i be 5*((-8)/20*-4)/(52/1066). What is the greatest common divisor of 9758 and i?
82
Suppose 5*o - 527 = 578. Let w(x) = -2*x**3 + 66*x**2 + 66*x + 81. Let r be w(34). Calculate the highest common factor of r and o.
13
Let d = 4253 + -4249. Let a = 35 - 28. Calculate the greatest common divisor of d and a.
1
Suppose 5*o - 26*r = -24*r + 80, -48 = -3*o - 3*r. Let q be 28/(((-4)/2)/(-8)). Calculate the highest common divisor of o and q.
16
Let w be ((-2492)/(-14))/(-3 + 1)*-9 - -5. What is the greatest common divisor of w and 182?
26
Let s(l) = 6*l**2 - 14*l - 3*l**2 - 10*l**2 - 20 - l**3 - 6*l**2. Let x be s(-13). Calculate the greatest common factor of 54 and x.
54
Let s be (11/(66/(-9)))/((-5)/((-1360)/(-2))). Calculate the greatest common divisor of 4012 and s.
68
Let a(j) = j**2 + 21*j - 68. Let n be a(-24). Suppose i + n*q = 35, 5 = -5*q - 5. What is the greatest common factor of i and 1505?
43
Let y be (-55)/11 - -3*13. Let t = y - 32. What is the greatest common factor of 3 and t?
1
Suppose -9*l = -8*l - 2568. Calculate the highest common divisor of l and 48.
24
Suppose f + k = -4*k + 474, -3*f + 1409 = 2*k. Let v be 3/5 + f/35. Suppose 25 = 5*s - 0*s, -2*g - 7 = -3*s. Calculate the greatest common factor of v and g.
2
Let g(c) = 94*c - 4156. Let t be g(46). What is the highest common factor of t and 21?
21
Let a be 7/(-10)*34*(72 + -77). Calculate the greatest common factor of a and 2550.
17
Suppose -327*x + 1498 = -156*x - 170*x. What is the highest common divisor of 42 and x?
14
Let f(j) = 925*j**3 + 4*j - 4. Let z be f(1). Let p = z + -512. What is the greatest common divisor of 14 and p?
7
Suppose 9*l + 20 - 20 = 0. Suppose 7*i - 37 - 12 = l. Calculate the highest common divisor of 1 and i.
1
Let a(t) = t**3 - 12*t**2 - 4*t + 19. Let p be a(15). Calculate the greatest common divisor of p and 2.
2
Let l be ((-30 + 2)/(-7))/(18/261). What is the greatest common divisor of 986 and l?
58
Suppose -3*b - 5 = -5*l + 2117, -b - 424 = -l. What is the highest common factor of 51 and l?
17
Suppose 150*t - 17400 = -2100. Calculate the greatest common factor of t and 7497.
51
Suppo